t a(t) = t**3 - 10*t**2 - 16*t - 40. What is the tens digit of a(13)?
5
Let t(w) = -6*w - 76. What is the tens digit of t(-22)?
5
Suppose -2*j + 10 = -432. What is the hundreds digit of j?
2
Let a be 0 - -3 - (0 + 5). Let q be (0 - 18) + -1 + -1. What is the units digit of (7/a)/(5/q)?
4
Let a = 6 + 18. Let z = -4 + a. What is the units digit of z?
0
Let o(v) = 36*v - 285. What is the units digit of o(14)?
9
Let z(k) = -k**3 + 5*k**2 - k + 7. Let f be z(5). Suppose -f*t = 5*u - 55, -3*u + 2*u + 5*t - 16 = 0. What is the units digit of u?
9
Suppose -7*b = -24*b + 42721. What is the units digit of b?
3
What is the units digit of ((-9)/(-5))/(((-145)/3650)/(-29))?
4
Let b be -2 - (-5 - (0 - -2)). Suppose 5 + 7 = 4*z. Suppose -b*k + k + 14 = -z*i, -5*i - 4 = 3*k. What is the units digit of k?
2
Let v be (-2)/9 + 218*(-5)/(-45). Suppose 21*s = v*s - 357. What is the tens digit of s?
1
Let m(t) = 11*t + 25. Let s be m(-2). Suppose 0 = w + s*z - 23, z + 0*z = -5*w + 185. What is the tens digit of w?
3
Let k(j) = -j**2 + 13*j + 11. Let f be k(13). Suppose 0 = y + 3*z - f, y + 2*z - 17 = -3*z. What is the units digit of y*2/(4/33)?
3
Let d be 4/(-30)*-5*3. Let f be -2*(-2 + (-7)/d). Let c(b) = -b**2 + 10*b + 14. What is the units digit of c(f)?
3
Suppose -2*b - 2 = 6. Let n = b + 42. What is the units digit of n?
8
Suppose 0 = c - 11 - 4574. What is the hundreds digit of c?
5
What is the units digit of 478/3*(-9)/(-6)?
9
Suppose 4*q - 4 = 0, -3*l - 2*q + 18 - 1 = 0. Let x(p) = -2 + 8 + p**3 - 3*p - 4*p**2 + p**2. What is the tens digit of x(l)?
4
Let h(u) = u**3 - 2*u**2 - 11*u - 13. Let a be h(-6). What is the tens digit of (4/(-20))/(1/a)?
4
Let s = -128 + 53. What is the units digit of s/(-2) - (-5)/(-10)?
7
Suppose -3*x - 10 + 40 = 3*j, -2*j = -5*x + 15. What is the tens digit of 40 + (j - (3 - 2))?
4
Suppose 3*j + 4*z - 32 = 0, -3*z + 5 = j - 9. Suppose 0 = -2*m - 78 + j. Let i = -8 - m. What is the units digit of i?
7
Suppose -4*d - 2*q = -12828, 0 = d - q - 1471 - 1730. What is the hundreds digit of d?
2
Let f = -487 + 2305. What is the thousands digit of f?
1
Suppose 11*b + 70 = b. Let u(q) = q**3 + 8*q**2 - 3*q - 8. What is the tens digit of u(b)?
6
Let q(g) = -g**2 + 10*g - 6. Let c be q(9). Suppose -1329 = -4*w + c*p, p + 4*p + 328 = w. What is the units digit of w?
3
Let d(s) = -5*s**3 - 7*s**2 + 20*s + 4. Let r(j) = 4*j**3 + 8*j**2 - 19*j - 4. Let q(f) = 5*d(f) + 6*r(f). What is the units digit of q(8)?
4
Suppose -3*d = -s, -5*s - 3*d + 5*d = -13. Suppose -5*f + 2*k = -368, 0 = -2*f - 6*k + s*k + 132. What is the units digit of f?
2
Suppose 4*y = -3*y + 14. What is the units digit of y + (3 - 5) + (5 - -120)?
5
Let j be 141 - (-4)/(-2 - 0). Let v = j - 65. What is the units digit of v?
4
Suppose -3*f = -4*p - 8*f - 724, -182 = p + f. Let g = -81 - p. What is the hundreds digit of g?
1
Let l(u) be the third derivative of -2*u**2 - 5/6*u**3 + 1/60*u**5 + 1/24*u**4 + 0 + 0*u. What is the tens digit of l(-5)?
1
Suppose -2*m - 2*q + 16 = 4, 2*m - 12 = 5*q. Suppose 5*a = 2*l - 235, m*l = l - 4*a + 505. What is the hundreds digit of l?
1
Let t = 388 - 209. Let y = t + -118. What is the tens digit of y?
6
Let m(s) = -67*s + 37. What is the units digit of m(-12)?
1
Suppose -2*g = 2*i + 2 + 2, -5*g + 14 = -i. What is the units digit of i/30 - 3269/(-105)?
1
Let q(l) = l**2 + 7*l + 9. Suppose k = 3*k + 8. Let n be q(k). What is the units digit of 108/(-15)*10/n?
4
Let t(f) = 3*f + 9. Let n(d) = -d + 1. Let j(l) = 4*n(l) + t(l). What is the units digit of j(11)?
2
Let u(z) = z**3 - 20*z**2 + 30*z + 36. What is the tens digit of u(19)?
4
Let k(c) = -c**3 - 2*c**2 - c + 1138. Let p be k(0). Suppose -289 = -h - 3*m, -259 = -5*h + m + p. What is the hundreds digit of h?
2
Let i = 1081 + 1102. What is the units digit of i?
3
Suppose 0 = 4*j + 279 - 827. Let q = j + -95. What is the units digit of q?
2
Let a(m) = -10*m**3 + 5*m**2 - 2*m + 7. Let s be a(-4). Suppose 9*p = 2*p + s. What is the tens digit of p?
0
Let k(m) = 2*m + 13. Let v be k(-4). Suppose 0 = -3*d - 2*i + 179, 4*d - 49 = -v*i + 192. What is the tens digit of d?
5
Let h be (-150*(-1)/2)/((-1)/(-2)). Suppose 9 = -5*i - 6, 5*i = d - h. What is the tens digit of d?
3
Let g(m) = m**3 - 2*m**2 + 3*m - 5. Let j be g(3). Let v = -17 + j. What is the tens digit of (-138)/v + (-36)/24?
3
Let k = 1229 + -640. Suppose 7*p - k = 181. What is the units digit of p?
0
What is the units digit of (-1 - 4)*(-1542)/10?
1
Let k(s) = 223*s**2 + 2*s - 1. Suppose g - b = -4*g + 5, 2*g - 2*b - 2 = 0. What is the hundreds digit of k(g)?
2
Let a be 2*4/(-1) + -2. Let b = a - -12. Suppose u = -4*t + 24, -b*u - 5 - 3 = 0. What is the units digit of t?
7
Let m = 6228 + -3624. What is the thousands digit of m?
2
Let m(u) = u**2 + 6*u + 2. Let k = 20 - 26. Let n be m(k). Let j = 9 - n. What is the units digit of j?
7
Suppose 2*t = 2*l - 954, -3*l + 0*l + t = -1429. What is the hundreds digit of l?
4
Let r(t) = 44*t**2 + 27*t + 20. What is the hundreds digit of r(-6)?
4
Suppose -5*n = -3*d + 30, 4*d - 2*n - 2*n - 32 = 0. Suppose -3*z = -3*w - 225, -d*z + 33 = 2*w - 335. What is the tens digit of 2/10 - z/(-5)?
1
Suppose 2*o = 3*l - 446, 0*o + o - 3*l + 226 = 0. What is the tens digit of 3/(3 + 648/o + 0)?
5
Let b(p) = 3185*p**3 + 3*p**2 - 3*p. What is the hundreds digit of b(1)?
1
What is the units digit of (-9259)/(-27) + 3688/216 + -17?
3
Suppose 0 = 37*v - 38*v - 4*d + 2000, 0 = -2*v - 5*d + 3997. What is the tens digit of v?
9
Let r(t) = -t**3 + 4*t**2 - 2*t. Let h be r(3). Suppose 2 = -h*f + 29. Suppose -2*o - 4*x - 36 = -4*o, 3*x = -f. What is the units digit of o?
2
What is the tens digit of (79 + 0)*(-216 + 301)?
1
Let n(f) = -f**2 - 2. Let g be n(0). Let s be ((-4)/(-6))/(g/3). Let o = 3 - s. What is the units digit of o?
4
What is the tens digit of (63/6)/(63/4494)?
4
Let x(f) = f**2 + 6*f + 3. Suppose 38 + 31 = 3*a. Suppose n - 6*d + 3 = -2*d, 2*d + a = -3*n. What is the units digit of x(n)?
0
Let b(u) = u + 5. Let z(s) = -s - 4. Let f(c) = -2*b(c) - 3*z(c). Let g be f(7). Suppose -4*h + g*h - 120 = 0. What is the tens digit of h?
2
Suppose -2*w - 200 = -0*w. Let q = w - -205. What is the units digit of q?
5
Let g = 41 + -25. Let d be (2 + (-20)/g)*-12. Let w = d - -12. What is the units digit of w?
3
Suppose 2*h + 19 = i, 0*i = -i - 4*h - 11. Suppose w + 3*x - i = 0, -4*x = -2*w - w + 1. Suppose k - 32 = -w*k. What is the units digit of k?
8
Suppose 4*a = -12, 5 = -d - a + 32. Suppose -i = -7*i + d. What is the units digit of i?
5
Suppose -7*z = -1433 - 1150. Suppose -z = -4*g - 5*g. What is the tens digit of g?
4
Suppose 4*i = 77 - 237. What is the tens digit of ((-170)/i)/(2/32)?
6
Let c(r) = 29*r**2 - 8*r - 5. What is the hundreds digit of c(5)?
6
Suppose -4373 = -3*t - 5*s, 5834 = 27*t - 23*t + 5*s. What is the thousands digit of t?
1
Suppose -5*m + 8*m - 168 = 0. Let y = m + -37. What is the tens digit of y?
1
Let r(k) = 15*k**3 - 5*k**2 + 14*k - 20. What is the tens digit of r(5)?
0
Let l = 2039 - 527. What is the thousands digit of l?
1
Suppose 2*i - x - 602 - 4497 = 0, 5117 = 2*i + 5*x. What is the thousands digit of i?
2
What is the tens digit of (-1 + 12)*104/2?
7
Suppose 675 - 3250 = -5*c. Suppose 0 = -20*d + 15*d + c. What is the units digit of d?
3
Let d(l) = 2*l + 1006. What is the units digit of d(0)?
6
Suppose 3*p - p - m = 0, 0 = 5*p - 3*m. Suppose -4*z = 3*u, u - 4*z - 10 - 6 = p. Suppose -4*g + 78 = -3*t + 2*t, 0 = 2*t + u. What is the tens digit of g?
1
Suppose -2350 = -6*s + 608. What is the hundreds digit of s?
4
Let o(d) = 11*d**2 - 11*d + 8. What is the thousands digit of o(-11)?
1
Let f = -437 - -1501. What is the thousands digit of f?
1
Let i = 38 + -37. What is the units digit of 6/(i + 1)*17?
1
Let t be (9/(27/822))/2. Suppose j - 101 - t = 0. What is the units digit of j?
8
Let u be ((-1)/1)/((-2)/(-22)). Let b = 66 - u. Suppose 2*g - b = 3*c - 29, -c - 2 = 0. What is the tens digit of g?
2
Let v(f) = -6*f**3 + 2*f**2 + 6*f - 1. Let r(x) = x**3 + x. Let q(w) = -3*r(w) + v(w). What is the tens digit of q(-2)?
7
Let l be 14/(-21)*1*-6. Suppose -3*u + 5*d - 152 = 0, 4*u - d + 206 = l*d. What is the units digit of (-6 - 15)*u/21?
4
Suppose 0 = -0*a - a - 10. Let t be 7290/(-35) + (-